What is the greatest common divisor of y and 68?
34
Let d be 4 + 256/(-48) - 46/(-3). Calculate the greatest common factor of 7 and d.
7
Suppose -17 = -9*i - 53. Let x(l) = -3*l**3 - 8*l**2 + l + 20. Let c be x(i). What is the greatest common divisor of c and 32?
16
Let c = 4566 - 4514. What is the greatest common factor of c and 4654?
26
Suppose 2*i + 4*k + 12 = 34, 14*k = 29*k - 75. Let y be 148/2 + 1 + -2. What is the greatest common divisor of i and y?
1
Let q be (18 + 1)*292/((-4)/(-1)). Calculate the greatest common divisor of q and 38.
19
Let g be (-36688)/(-240) + 4/30. Let z = 83 + -137. Let w = -37 - z. Calculate the greatest common factor of g and w.
17
Let c(d) = -d**3 - 93*d**2 - 1045*d - 396. Let k be c(-80). Calculate the greatest common divisor of 4604 and k.
4
Let n(p) = 480*p**2 + 140*p + 1160. Let r be n(-8). Calculate the greatest common divisor of 10 and r.
10
Let h = -36187 - -36229. What is the highest common factor of 375 and h?
3
Suppose -4*f = -3*i + 175, -3*i + 0*f - 4*f = -215. Let z = -18 + i. Let o = -35 + z. What is the greatest common divisor of 132 and o?
12
Suppose 11960 = -430*q + 440*q. Calculate the greatest common divisor of q and 13.
13
Let x(a) = -a**3 + 8*a**2 - 10*a + 4. Let v be x(4). Suppose -26*c = -v*c + 94. Let n = -11 + c. What is the greatest common divisor of n and 90?
18
Let c be ((-5)/20 + ((-45)/(-20) - -5))/1. Calculate the highest common divisor of c and 441.
7
Suppose 0 = 29*x - 34*x - 1160. Let o = -49 - x. Suppose 0 = -y - 51 + o. What is the highest common divisor of 33 and y?
33
Suppose -4*o = -3*x - 196, 3*o - 112 = o + 5*x. Let n = o - -6. Suppose q - 93 = -3*j, 5*q - 277 = j + 108. Calculate the highest common factor of q and n.
26
Let h be (-24)/(-1) + (36 - 43) + -2. Suppose -3*u + f - 2*f + 355 = 0, 5*f = 2*u - 265. What is the greatest common divisor of u and h?
15
Let g be -6 + 50/5 - -9. Let j be (8/(-60)*-5)/(4/1014). Let r = j + 0. Calculate the greatest common factor of r and g.
13
Let v(q) = -q**2 - 7*q + 6*q - 2*q + 12 + 3. Let i be v(2). Calculate the highest common factor of 55 and i.
5
Suppose 4*u = -3*a + 5415, 4*u = 71*a - 76*a + 5409. What is the greatest common divisor of 791 and u?
113
Let j(a) = -6*a - 2. Let v be j(-1). Let c be (-110)/(-5)*18/v. Suppose 0 = -8*m + 76 + 12. What is the highest common divisor of m and c?
11
Suppose 316 = k + 5*n, 0 = -k + 3*n + 2*n + 326. Let i = k - 255. What is the greatest common divisor of 22 and i?
22
Let c(w) = -11*w - 631. Let h be c(-59). Calculate the highest common factor of 1152 and h.
18
Suppose 0 = -2*h + 10, -4*m + 8*m + 4*h = 3624. What is the greatest common divisor of 53 and m?
53
Let m be (-45)/(-90) + (-15)/(-2). Let v(i) = 3*i - 23. Let r be v(m). Calculate the greatest common divisor of 13 and r.
1
Let s be ((-97860)/120)/(1/(-4)). Calculate the highest common factor of s and 14.
14
Let a be (-1)/((-2)/(-16)) + -269 + 509. What is the highest common factor of 148 and a?
4
Let h(y) = -558*y + 1128. Let g be h(2). Let z be (18/(-4)*-2)/1. Calculate the greatest common divisor of z and g.
3
Suppose -2*s = -8, 2*w - 10*s + 9*s - 2544 = 0. What is the highest common divisor of w and 78?
26
Let f(x) = -3*x + 33. Let u be f(13). Let b be (39 + 3)*(u - (-102)/12). Calculate the highest common divisor of b and 42.
21
Let c be (-2)/(10 + 90/(-10)) - -2446. What is the greatest common factor of c and 39?
13
Let j be (-6)/5*((-1364)/(-6) - 4). Let b = 284 + j. What is the greatest common factor of 176 and b?
16
Suppose -877*s = -874*s - 351. Suppose -18*f + 17*f + 4*x = -s, 3*x = -4*f + 525. What is the greatest common divisor of 215 and f?
43
Let j(o) = 5*o**2 + 16*o + 42. Suppose 33 = -5*a + g, a + 0*a + 5*g = 9. Let t be j(a). Let z = t + -14. Calculate the highest common factor of 16 and z.
16
Let g be 520/(-60)*(-3)/2. Suppose 3*m = 4*t - 34, -t - 4*m + g = 2*t. Suppose 0 = 4*f + t*f - 374. What is the greatest common divisor of f and 51?
17
Let v be ((-26)/(-78) + 2/12)*0. Let z be (v - -1)*(-70 - -73). What is the highest common factor of 1 and z?
1
Let l = 50 - 45. Suppose -3*n = l*a - 3 - 17, -n = 4*a - 16. Suppose r - 28 = -n*d - 4*d, 3*r = 5*d - 52. Calculate the highest common divisor of 8 and d.
8
Suppose x - 65 = 5*i - 0*i, i = -4*x + 323. Let v = -15460 + 15480. Calculate the greatest common factor of x and v.
20
Let x = -1506 + 1586. What is the highest common divisor of x and 460?
20
Suppose -2124 = -137*d - 69. What is the greatest common divisor of d and 2085?
15
Let g = -23783 - -44661. Calculate the greatest common divisor of g and 219.
73
Suppose 418 + 974 = 4*c - 372. Calculate the highest common divisor of c and 245.
49
Suppose 3942 = -280*g + 718*g. What is the greatest common divisor of g and 40437?
9
Suppose 7*z + 239 = 2976. Let l = -366 + z. What is the greatest common factor of 575 and l?
25
Suppose -119828 = -88*i - 48340 + 164000. What is the highest common factor of 192 and i?
12
Let t(o) = o**3 + 2*o**2 - 45*o + 65. Let k be t(0). Calculate the highest common factor of k and 75.
5
Let a = 130 - -1006. Suppose -13*i + 619 = -a. What is the greatest common factor of 15 and i?
15
Let m = 248 - 158. Let y be (-50)/(m/25 + -4). Let f = -117 + y. What is the greatest common divisor of 8 and f?
8
Suppose -4*o = -4*v + 800, -5*v + 986 = -0*v + 2*o. Let u = 230 - v. Suppose 3*c - 48 - 96 = 0. Calculate the greatest common factor of c and u.
16
Suppose 2*m - 66 = 2*l, -62*m + 3*l = -57*m - 155. Calculate the greatest common divisor of m and 889.
7
Let x(a) = -235*a + 104. Let b be x(-1). Calculate the highest common factor of b and 3.
3
Suppose 0 = 2*c + 10*c + 48. Let i(u) = 4*u + 28. Let l be i(c). Let r = -114 + 198. What is the highest common factor of r and l?
12
Suppose 28*f - 6220 = 5895 + 2669. Calculate the greatest common divisor of f and 48.
48
Suppose -46*y + 7101 + 144 = 69*y. Calculate the greatest common divisor of 2331 and y.
63
Let h = -273 + 548. Let u = h + -59. Calculate the greatest common divisor of 24 and u.
24
Suppose -109*p = -68*p - 50430. Calculate the highest common divisor of p and 30.
30
Suppose 8*i - 240 = 5*i. Let w = i + -69. Suppose -5*b - w = -4*a, -2*b + 5 = 3. Calculate the highest common factor of 52 and a.
4
Let f(z) = 38*z + 5. Let i be f(2). Let m be 6 + 17 + -1 + (-4)/1. What is the greatest common factor of m and i?
9
Let k = 9 - 5. Suppose 0 = -4*y - 2*r - 3*r + 57, -r + 37 = k*y. Let s be (y/12)/(3 + (-142)/48). What is the greatest common divisor of 24 and s?
8
Let x be (191 - (-8 - -10))*6/7. Let f be (5 + x/(-30))/((-3)/30). What is the highest common divisor of 68 and f?
4
Suppose 2*g = h - 2808, -4*h + 4*g + 11329 = 65. What is the highest common divisor of h and 24?
8
Let f = -1087 + 1391. Suppose 6*t - 5*t - 19 = 0. Calculate the greatest common divisor of t and f.
19
Let o be (11/(308/(-96)))/((-2)/21). Let w = 24 + 53. Suppose -w*x + 78*x = o. Calculate the highest common divisor of 9 and x.
9
Let s(n) = 5*n**2 - 83*n + 3538. Let r be s(35). What is the highest common factor of 155 and r?
31
Let u be (-10 + 23 + -16)*(68/(-6) + -3). What is the highest common divisor of 7181 and u?
43
Let v be (-192)/(-10) - (-1)/(-5). Let a be -36*((-8)/68 + (-52855)/3740). Calculate the highest common divisor of a and v.
19
Suppose -13103*z - 4160 = -13116*z. What is the greatest common factor of z and 2752?
64
Let h = 43076 - 15062. Calculate the greatest common factor of h and 58.
58
Let x = 10361 - 9761. What is the highest common divisor of x and 960?
120
Suppose 32 = y + 4*r, -2*y - 2*r = -3*r - 37. Let c be y + 6 + -1 + -8. What is the greatest common factor of 153 and c?
17
Let y be (6/8)/((-72)/(-960)). Suppose 3*o - y = 5, 4*k - o - 11 = 0. Calculate the greatest common divisor of k and 22.
2
Let m(n) = 11*n + 966. Let u be m(15). What is the greatest common divisor of 195 and u?
39
Suppose 2*a + 4 = -45*m + 47*m, 0 = -a - 2*m + 10. Suppose 2*b + v - 755 = 0, -7*b - 1883 = -12*b + a*v. What is the greatest common divisor of 13 and b?
13
Let o = 94 + -88. Let y(z) = 2*z + 21. Let s(b) = 3*b + 43. Let a(x) = -3*s(x) + 7*y(x). Let v be a(6). Calculate the highest common factor of v and o.
6
Let g(b) = b**2 + 19*b + 20. Suppose 0*m = -8*m - 136. Le